.
1
Let o(f) = -f**3 - f**2 + 4*f + 2. Let v(j) = j - 4. Let c = -9 + 12. Let l be v(c). Let x be l - (6/3 + 0). What is o(x)?
8
Let i(j) = 3*j**3 + j**2 + j. Let m(d) = -d - 11. Let t(r) = r - 2. Let g be t(-5). Let k be m(g). Let z(p) = p + 3. Let u be z(k). Calculate i(u).
-3
Suppose 3*p - 3 = 2*p. Suppose 2*a + 8 = 2*j, p*j - a = 4 + 2. Let v(d) = j - 1 + 10*d - 1. Calculate v(-1).
-11
Let w(o) = o**2 + 11*o - 13. Let z(a) = -2*a + 8. Let l be z(10). Let v be w(l). Let j(d) = 0*d + 1 - 8*d**3 - d - d**2 + 2*d. What is j(v)?
7
Let b(o) = -o**3 - 2*o**2 + o - 2. Let y = 12 + -9. Let k(t) = -y + 0*t + t + 1 + 3. Let n be k(-4). Give b(n).
4
Let d be 4/16 + (1 - 1/4). Let m(l) = 3*l + 1. Calculate m(d).
4
Let y(c) = -11*c + 5. Let p(f) = -8*f + 5. Let o(r) = 4*p(r) - 3*y(r). Determine o(-6).
-1
Let d(o) = 9*o - 13. Let x(w) = -2*w + 1. Let f(b) = d(b) + 4*x(b). Let j(y) = y - 10. Let h(n) = 3*f(n) - 2*j(n). What is h(5)?
-2
Let u(m) = 413 + 6*m - 197 + 4*m - 171 - 2*m. Give u(-5).
5
Let g(r) = -11*r**2 + 10*r + 14. Let l(x) = 31*x**2 - 29*x - 40. Let m(w) = -17*g(w) - 6*l(w). What is m(-7)?
23
Let o(w) = w - 2. Let s be o(-3). Let t(f) be the first derivative of -5*f**2/2 - 4*f - 1. Let l(i) = 11*i + 9. Let j(c) = s*t(c) - 2*l(c). Calculate j(-4).
-10
Suppose -18 = 5*u - 8. Let t(w) = -w**3 - w**2 - 1. What is t(u)?
3
Let t(i) be the third derivative of i**6/120 + i**5/20 - i**4/12 + i**3/2 - 79*i**2 + 1. Let s = 9 - 18. Let h = s - -5. What is t(h)?
-5
Let y be 21*(99/(-21) - (2 + -7)). Let q(k) be the first derivative of 1/3*k**3 - 1/2*k**2 - k + 1/4*k**4 - y. What is q(-2)?
-3
Let k(i) be the second derivative of -i**5/20 + i**4/12 + i**3 - 5*i**2/2 + 3*i. Calculate k(4).
-29
Let h(l) be the first derivative of l**4/4 + 4*l**3/3 - 5*l**2/2 + 6*l + 260. What is h(-6)?
-36
Let r(o) = o - 2. Suppose p - 2*a = 18, -a - 19 - 10 = -3*p. Let f be r(p). Let h(g) = -4 + 1 - 6 + 4*g - 2*g + 3. Determine h(f).
6
Let j(o) = -o**3 + 7*o**2 - 5*o - 8. Let w(f) = -3*f**3 + 36*f**2 + 6. Let m be w(12). Determine j(m).
-2
Let w(i) = -2*i**3 - 15*i**2 - 19*i - 2. Let q(t) = -5*t**3 - 46*t**2 - 57*t - 5. Let x(c) = -3*q(c) + 8*w(c). Calculate x(19).
-1
Let b(k) = 15*k + 8. Let h(a) = a + 1. Let o(i) = b(i) - 5*h(i). Determine o(-2).
-17
Let b(k) be the second derivative of 5*k**3/6 - k**2/2 + 55*k. Calculate b(1).
4
Let q(c) be the second derivative of c**7/840 + c**6/120 - c**5/40 + c**4/6 + 11*c**3/6 - 12*c. Let l(t) be the second derivative of q(t). Calculate l(-4).
0
Let m(y) = -3*y**3 - y**2 - 4*y - 1. Let c(h) = 14*h**3 + 22*h**2 + 23*h - 34. Let a(u) = c(u) + 5*m(u). Determine a(17).
12
Let m = 46 - 38. Let o(p) = -9 - m - 2*p + 18. Determine o(-1).
3
Let h(v) = -2*v + 10. Let l(c) = -2*c + 11. Let w(f) = -3*h(f) + 2*l(f). Let r be (-4 - (-51)/18)*-6. Give w(r).
6
Let q(v) = -1 + 40*v**2 - v - 41*v**2 + 4*v. Let l(t) = -t**2 - 3*t + 3. Let f(s) = -s**3 - 7*s**2 - 6*s - 3. Let u be f(-6). Let w be l(u). Calculate q(w).
-1
Let o(j) = -2 + 0 + 4468*j - 8 - 4467*j. What is o(7)?
-3
Let g(k) be the third derivative of k**6/120 - 7*k**5/30 - k**4/24 + 2*k**3 + 17*k**2 + 4*k. What is g(14)?
-2
Let w be 10/(-50) - 70/25. Let h(s) = 5*s**2 + s + 1. Give h(w).
43
Let d be -1 + (-66)/(-4) + 46/(-92). Let q(z) = 2*z - 15. Calculate q(d).
15
Suppose 5*j - 10 = 4*l, 0 = -l + 3*j - 7 + 1. Let f(n) = n**2 - n + 5. Give f(l).
5
Let a(l) = 3*l**2 - 5. Let s be -7 - -9*(5 - 4). What is a(s)?
7
Let a(j) be the second derivative of -j**3/6 - 13*j**2/2 - 4*j. Let l be a(-6). Let v = l + 12. Let k(t) = t + 1. Give k(v).
6
Let j(d) be the third derivative of -d**5/120 - 5*d**3/2 + 11*d**2. Let c(u) be the first derivative of j(u). Give c(1).
-1
Let d be 228/285 - 31/(-5). Let u(n) = -n**2 + 8*n + 6. Give u(d).
13
Let t(f) be the first derivative of 4 - f - 5/3*f**3 + 0*f**2. Let q = 3 + -2. What is t(q)?
-6
Let f(t) = -22*t + 179. Let r be f(8). Let n(j) be the second derivative of 0 - 1/2*j**2 - 1/6*j**r - j. Determine n(4).
-5
Suppose 6*a = -152 - 118. Let l = -52 - a. Let t(k) be the third derivative of k**4/24 + 5*k**3/6 + k**2. Calculate t(l).
-2
Let i(h) = 14*h**2 + 8*h - 1. Let k(n) = -12*n**2 - 7*n + 2. Let b(j) = -5*i(j) - 6*k(j). Give b(-3).
5
Let w(t) be the first derivative of -t**3 + 2*t**2 - 2*t + 117. Give w(2).
-6
Let f(t) = -5*t**3 - 39*t**2 - 5*t - 3. Let z(p) = -p**3 - 7*p**2 - p. Let u(x) = -f(x) + 6*z(x). Let a = 3 - 2. Let w(c) = -3*c. Let m be w(a). What is u(m)?
6
Let x(c) = -c - 1. Let m(l) = l + 4. Let v(z) = -m(z) - 2*x(z). Let p(a) = -a**3 + 7*a**2 + 5. Let t be p(7). Calculate v(t).
3
Let x(o) = 42*o - 11. Let f(q) = 36*q - 9. Let y(w) = 6*f(w) - 5*x(w). Determine y(4).
25
Let h(f) = -f**2 - 4*f - 4. Let p(k) be the third derivative of -k**6/24 + k**5/30 - k**4/12 + k**3/6 + 6*k**2. Let r be p(1). What is h(r)?
-4
Suppose 177*o = 166*o - 77. Let q(u) = -4*u - 31. Determine q(o).
-3
Suppose 244 = g + 3*j, 0*j = 3*j + 12. Suppose 7*l + g = 11*l. Let f be 1/(4/l*4). Let h(v) = v**2 - 3*v - 5. What is h(f)?
-1
Let d(p) = 32*p - 1. Suppose 1606*j + 5 = 1611*j. Calculate d(j).
31
Let r(v) = 6*v**3 - 6*v**2 + 12*v + 4. Let b(z) = 7*z**3 - 8*z**2 + 14*z + 5. Let l(n) = 5*b(n) - 6*r(n). What is l(-2)?
-3
Let w(n) = 2*n**2 - 2*n - 20. Let s(h) = -h**2 - 6. Let u(j) = -3*s(j) + w(j). Calculate u(2).
14
Let x(l) = -4 - 4*l**2 + 5 - 9*l - l**3 + 2*l**3. Let b be x(6). Suppose 5*z + b = -16. Let y(g) = g**2 + 8*g + 7. What is y(z)?
0
Let z(l) = -l**2 + l + 2. Let q(v) be the first derivative of v**3/3 + 5*v**2/2 - 10*v - 25. Let t be q(-7). Calculate z(t).
-10
Let a(g) = 4*g**3 - 30*g**2 - 72*g - 24. Let z(s) = -3*s**3 + 20*s**2 + 50*s + 16. Let w(r) = -5*a(r) - 7*z(r). Give w(-9).
-1
Let w be (-2)/5 - 185/(-25). Suppose s = 3*l + 2 + w, 0 = 2*l + 4*s + 20. Let r(m) = -23*m - 3. Let x(h) = -8*h - 1. Let q(k) = l*r(k) + 11*x(k). Give q(-2).
-7
Let w(v) = 5*v. Suppose 5*b - f - 4 = 4, -4*f + 8 = 0. Let s = -10 - b. Let i = s + 10. Calculate w(i).
-10
Suppose 0 = -5*c + 15, -3*c - 16 = -j - 4*j. Let k(r) = -r**2 + 9*r - 13. Calculate k(j).
7
Let o(q) = q**2 + q - 2. Let j be (-75)/(-6) - (-35)/(-14) - 7. Calculate o(j).
10
Let i(h) be the first derivative of -h**2/2 + 12*h - 2. Let q be -3*(64/(-12))/2. Suppose -q*w - 25 = -13*w. What is i(w)?
7
Let r = 19 - 14. Let z(q) = 9*q + 2. Let n(c) = 28*c + 6. Let l(d) = -5*n(d) + 16*z(d). Let p(o) = 11*o + 7. Let g(k) = 8*l(k) - 3*p(k). Give g(r).
-10
Let q be (-6)/(-12)*(0 + 0). Suppose -5*h + 0*h - 20 = q. Let p(z) = -z**2 - z. Let y(m) = -m**3 + m - 3. Let n(v) = 4*p(v) + y(v). Determine n(h).
9
Let q = -8 + 12. Suppose q - 5 = -r. Let b(u) = -7*u + 1. Calculate b(r).
-6
Let m(d) = 2*d - 2. Let y(w) = 3*w - 1. Let x(s) = -4*m(s) + 3*y(s). Calculate x(5).
10
Suppose z = -3*i, -8 + 5 = z. Let t = 33 + -39. Let w(y) = 10*y**3 - 2*y**2 + 2*y - 1. Let m(c) = c**3. Let f(h) = t*m(h) + w(h). What is f(i)?
3
Suppose -10*h - 36 + 46 = 0. Let o(t) = -t**2 + 2*t - 1. What is o(h)?
0
Let t(n) = -n**2 - 7*n - 4. Let w be (-370)/34 - (-16)/(-136). Let u(m) = -m**2 - 11*m - 7. Let y be u(w). Determine t(y).
-4
Let l(i) = 49 + 55 + 0*i - 107 - i. What is l(-6)?
3
Let c be 1/2 - 14/(-4). Let a(t) = -2*t**2 + 6*t - 5. Let f(s) = -s**2. Let q(v) = a(v) - f(v). What is q(c)?
3
Let l(n) = 5*n**2 + 1. Let i = 13 + -13. Suppose i = z - 45 + 44. Calculate l(z).
6
Let p(z) = -z**3 + 6*z**2 - 4*z + 2. Suppose 11 = 2*t + x, -5*t + 31 = -t + 5*x. Give p(t).
18
Let l(x) = -9*x - 45. Let r be l(-5). Let o(j) be the third derivative of -j**3 + 1/12*j**4 + r*j - 4*j**2 + 0. Determine o(6).
6
Let n(y) = -4*y - 14. Let f(v) = v - 2*v - 11 - 2 - 4*v. Let t(r) = -3*f(r) + 4*n(r). Determine t(0).
-17
Let f(x) = -18 + 7*x - 5631*x**2 + 7 + 5632*x**2. Determine f(-9).
7
Suppose 18*h = 23*h. Suppose p + 32 = 4*j + 3, -5*j - 4*p + 31 = h. Let f(b) = 2*b - 6. Determine f(j).
8
Let r = -1851 + 1849. Let x(m) = -m**3 + 2*m**2 + 2*m + 1. Calculate x(r).
13
Let x(m) = -m**2 + 7*m - 5. Let o be (-2)/((-5)/((-60)/(-8))). Suppose 2*f - 5*f = o*g - 33, -5*f - 2*g = -40. What is x(f)?
1
Let m(r) be the third derivative of -1/720*r**6 + 0*r**3 + 1/60*r**5 + 6*r**2 + 0 + 7/24*r**4 + 0*r. Let z(i) be the second derivative of m(i). Calculate z(2).
0
Let a(p) = p**2 -